 12*p - 11. Give w(-1).
-76
Let n(s) = -618*s - 8682. What is n(-14)?
-30
Let g(r) = -r**3 + 23*r**2 - 28*r + 605. Calculate g(23).
-39
Let r(b) = 5*b**2 - 9*b - 10. Give r(-4).
106
Let m(r) = -r**3 + 2*r**2 + 16*r - 48. Calculate m(2).
-16
Let i(n) = -n**3 - 6*n**2 - 8*n - 22. Give i(-5).
-7
Let n(b) = -65*b + 432. Determine n(4).
172
Let y(u) = -8917*u + 160508. Determine y(18).
2
Let r(h) = h**3 + 12*h**2 + 32*h - 137. What is r(-8)?
-137
Let z(y) = y**3 + 415*y**2 - 4691*y + 61. What is z(11)?
6
Let p(i) = -10*i**2 - 3199*i + 3197. Calculate p(1).
-12
Let m(o) = 62*o + 293. Give m(0).
293
Let a(f) = -f**2 + 28*f - 78. What is a(22)?
54
Let y(m) = -m**2 + 68*m - 859. Give y(48).
101
Let n(z) = -z**3 + 14*z**2 - 15*z + 43. Determine n(11).
241
Let q(f) = 37*f - 521. What is q(12)?
-77
Let w(f) = f**3 - 8*f**2 - 10*f - 5. Calculate w(9).
-14
Let k(c) = c**3 - 34*c**2 + 194*c - 8. Calculate k(7).
27
Let s(m) = -7*m**2 + 10*m + 107. Give s(5).
-18
Let j(a) = -a**2 + 76*a + 1876. What is j(-20)?
-44
Let h(o) = 16*o - 1073. Determine h(68).
15
Let z(f) = 4*f**2 + 105*f - 71. Determine z(-27).
10
Let s(x) = 292*x - 65091. What is s(223)?
25
Let t(s) = -80*s + 57. Calculate t(4).
-263
Let i(y) = y**3 + 30*y**2 + 172*y + 14. Give i(-8).
46
Let i(y) = -3377*y + 6793. Give i(2).
39
Let r(p) = 302*p + 6037. Determine r(-20).
-3
Let z(o) = 39*o - 698. Give z(22).
160
Let h(z) = z**2 + 359*z - 1430. Give h(4).
22
Let g(p) = 7*p**2 + 21*p + 89. Give g(0).
89
Let d(u) = -3*u**3 + u**2 + 9*u - 20. What is d(2)?
-22
Let r(x) = -x**3 - 27*x**2 - 29*x - 60. Give r(-26).
18
Let m(n) = -n**3 + 62*n**2 - 58*n - 137. Give m(61).
46
Let g(f) = f**2 - 108*f + 2812. Give g(44).
-4
Let f(x) = -2*x**2 - 194*x - 65. Give f(-98).
-261
Let p(z) = 185*z - 17. What is p(0)?
-17
Let t(i) = -i**2 - 77*i - 653. Calculate t(-10).
17
Let v(r) = -r**2 - 8*r + 89. Calculate v(0).
89
Let u(w) = 3*w**3 + 18*w**2 + 120*w + 720. What is u(-6)?
0
Let n(d) = d**3 - 19*d**2 + 91*d - 11. Calculate n(12).
73
Let z(a) = 74*a - 345. What is z(5)?
25
Let m(l) = l**3 - 48*l**2 + 170*l + 128. What is m(44)?
-136
Let r(j) = -4*j**3 + 98*j**2 + 53*j - 83. Give r(25).
-8
Let v(d) = -25*d - 139. Give v(3).
-214
Let o(v) = -28*v - 424. What is o(-15)?
-4
Let v(x) = 456*x - 2278. Calculate v(5).
2
Let m(q) = 171*q + 22906. What is m(-134)?
-8
Let q(a) = 5*a - 33. Give q(7).
2
Let h(s) = -184*s - 648. Determine h(-3).
-96
Let q(h) = 4*h + 98. Determine q(-4).
82
Let o(d) = d**3 + 57*d**2 + 54*d - 124. Determine o(-56).
-12
Let q(s) = -2*s**3 + 25*s**2 + s + 154. Give q(13).
-2
Let s(d) = 98*d**2 + 1964*d + 93. Calculate s(-20).
13
Let l(z) = 54*z + 1827. Calculate l(-35).
-63
Let t(x) = x**3 - 17*x**2 - 45*x + 552. What is t(15)?
-573
Let n(z) = 29*z - 7. Calculate n(0).
-7
Let w(z) = -729*z + 2213. What is w(3)?
26
Let d(i) = -573*i + 3420. Determine d(6).
-18
Let y(r) = -24*r**2 + 991*r - 1978. Calculate y(2).
-92
Let c(l) = 51*l + 637. Give c(-13).
-26
Let r(k) = 24*k + 1954. What is r(-82)?
-14
Let x(o) = 30*o - 2142. What is x(68)?
-102
Let w(y) = y**3 - y**2 - 41*y - 5. Give w(-6).
-11
Let n(q) = -21*q - 264. What is n(13)?
-537
Let y(w) = 119*w**2 + 26*w + 1. What is y(1)?
146
Let n(r) = -r**3 - 29*r**2 - 174*r - 289. Calculate n(-5).
-19
Let g(y) = 3*y**2 + 255*y + 3646. What is g(-18)?
28
Let g(h) = -h**2 + 46*h - 585. Calculate g(14).
-137
Let u(h) = 322*h + 4417. Calculate u(-13).
231
Let b(d) = -54*d**3 - 15390*d**2 + 2*d + 563. What is b(-285)?
-7
Let b(c) = -14*c**2 - 135*c - 13. What is b(-10)?
-63
Let q(r) = r**2 + 111*r + 1621. Give q(-16).
101
Let h(z) = z**2 - 446*z - 15. What is h(0)?
-15
Let f(o) = 2*o**2 - 74*o + 493. Calculate f(28).
-11
Let t(x) = -277*x - 1655. Determine t(-6).
7
Let u(y) = 4*y**2 + 7*y + 1. What is u(-2)?
3
Let u(l) = l**3 - 1. Give u(5).
124
Let y(c) = -c**3 - 8*c**2 - 12*c - 17. Calculate y(-5).
-32
Let u(g) = g**3 - 135*g**2 + 265*g + 145. Calculate u(133).
12
Let h(z) = -4*z**2 - 311*z + 38. Determine h(-78).
-40
Let b(a) = -141*a + 1545. Determine b(11).
-6
Let f(l) = -14*l + 208. Calculate f(4).
152
Let d(o) = 2*o**3 + 35*o**2 - 28*o - 19. Give d(-18).
161
Let t(a) = -5*a + 168. Give t(18).
78
Let f(x) = 792*x + 1310. What is f(-2)?
-274
Let k(t) = -196*t**2 - 585*t + 7. Give k(-3).
-2
Let m(i) = -5*i**2 + 6*i - 49. What is m(7)?
-252
Let d(q) = q**3 - 24*q**2 + 23*q - 16. Determine d(4).
-244
Let d(j) = -j**2 + 329*j - 5304. Give d(17).
0
Let u(g) = -g**2 - 83*g + 1233. Calculate u(13).
-15
Let o(z) = -z**3 - 22*z**2 + 51*z - 78. What is o(-24)?
-150
Let o(m) = m**2 - 8*m - 238. Give o(-11).
-29
Let g(c) = -3*c**2 - 618*c - 5316. What is g(-197)?
3
Let k(x) = -4*x**3 - 7*x**2 + 19*x + 33. Give k(-2).
-1
Let r(u) = -38*u**2 + 10*u + 10. Calculate r(-1).
-38
Let d(g) = -g**3 - 36*g**2 + 35*g - 67. Calculate d(-37).
7
Let b(z) = -z**2 - 12*z + 161. Calculate b(-24).
-127
Let o(r) = 3*r**2 + 64*r + 126. What is o(-19)?
-7
Let l(b) = -b**2 - 51*b - 517. Give l(-31).
103
Let j(n) = 40*n + 3228. Determine j(-81).
-12
Let d(f) = -f**2 - 277*f + 30326. Determine d(84).
2
Let v(h) = 17*h**3 - 2*h**2 + 2*h - 1. Calculate v(1).
16
Let f(h) = -14*h**2 - 126*h - 8. What is f(-9)?
-8
Let f(q) = 3*q**2 + 3*q - 28. Determine f(-3).
-10
Let c(l) = 4*l**2 - 13*l + 70. Calculate c(5).
105
Let f(j) = -3*j**2 + 201*j + 1087. Calculate f(-5).
7
Let p(s) = -2*s - 113. What is p(-52)?
-9
Let z(b) = -b**3 - 26*b**2 + 2*b + 9. Determine z(-26).
-43
Let c(a) = a**2 - 58*a - 1. Give c(58).
-1
Let q(v) = 29*v + 3032. What is q(-105)?
-13
Let u(i) = 1528*i - 3069. Give u(2).
-13
Let v(h) = 6*h**3 - h**2 - 315*h - 316. Calculate v(-1).
-8
Let s(y) = -y**3 - 158*y**2 - 1058*y - 221. What is s(-151)?
-70
Let i(r) = r**3 + 108*r**2 - 102*r + 763. What is i(-109)?
0
Let z(y) = -9*y + 313. Calculate z(33).
16
Let l(j) = 589*j + 24754. What is l(-42)?
16
Let g(j) = -33*j + 121. Calculate g(2).
55
Let f(l) = 1123*l + 5612. What is f(-5)?
-3
Let b(a) = 2*a + 13. Calculate b(-4).
5
Let y(i) = -i**3 + 13*i**2 + 15*i - 313. Give y(12).
11
Let w(n) = n**3 + 7*n**2 + n + 15. Give w(-5).
60
Let u(d) = -62*d + 1188. Give u(17).
134
Let b(j) = -j**3 + 5*j**2 + 15*j - 90. What is b(-4)?
-6
Let f(h) = 33*h**2 + 397*h + 33. Calculate f(-12).
21
Let v(b) = -b**2 - 20*b + 15. Determine v(-19).
34
Let i(j) = 9337*j - 112046. Give i(12).
-2
Let t(j) = -273*j + 11730. Calculate t(43).
-9
Let v(c) = -42*c + 3470. Determine v(89).
-268
Let a(h) = 63*h + 1966. Calculate a(-31).
13
Let m(o) = -198*o - 22364. Give m(-113).
10
Let c(d) = -163*d**2 - 1142*d. Determine c(-7).
7
Let p(n) = -6*n - 23. What is p(-21)?
103
Let d(c) = -9*c**2 - 94*c + 48. Determine d(-9).
165
Let d(f) = 85*f**2 + 5*f + 5. Give d(-1).
85
Let t(k) = 16415*k + 49242. What is t(-3)?
-3
Let l(n) = -1519*n + 21284. What is l(14)?
18
Let a(m) = -82*m + 101. Give a(4).
-227
Let z(p) = -2*p**2 + 37*p - 23. What is z(18)?
-5
Let p(x) = 2369*x + 9498. Give p(-4).
22
Let o(m) = m**3 - 101*m**2 - 101*m - 265. What is o(102)?
-163
Let r(f) = 197*f + 385. What is r(-2)?
-9
Let z(n) = -2*n**2 - 71*n + 1202. Give z(-48).
2
Let c(i) = -9*i**2 + 16*i - 9. Give c(4).
-89
Let t(m) = -2*m**3 + 16*m + 57. Give t(-6).
393
Let n(a) = -a**2 + 9*a + 246. Give n(18).
84
Let k(l) = 2*l**3 - 147*l**2 + 623*l - 273. Determine k(69).
-135
Let h(z) = z**2 + 636*z + 26595. What is h(-45)?
0
Let m(k) = 6*k**3 + 3*k**2 + 1608*k + 1606. Calculate m(-1).
-5
Let p(u) = 3*u**3 + 33*u**2 - 8*u - 11. Determine p(-11).
77
Let t(i) = 16*i**2 + 2045*i - 246. Calculate t(-128).
138
Let v(w) = -w**3 - 258*w**2 + 2138*w - 79. Determine v(8).
1
Let t(z) = -329*z + 665. Determine t(2).
7
Let l(f) = 60*f - 674. Calculate l(11).
-14
Let b(y) = 3*y**3 - 17*y**2 - y + 12. Determine b(6).
42
Let w(n) = n**2 - 61*n + 28. Calculate w(61).
28
Let w(m) = m**2 - 24*m + 4. Calculate w(9).
-131
Let w(u) = -76*u**2 + 116*u - 182. What is w(2)?
-254
Let d(y) = 3*y**2 + 215*y + 216. Give d(-69).
-336
Let g(y) = -91*y + 1788. Give g(20).
-32
Let z(q) = -3*q**3 - q**2 - 5*q + 6. Give z(-4).
202
Let c(s) = -182*s - 337. Give c(-2).
27
Let k(o) = o**3 + 9*o**2 + 88*o + 599. Calculate k(-8).
-41
Let i(a) = -a**3 - 10*a**2 - 87*a - 566. Give i(-8).
2
Let n(k) = 22*k + 492. Determine n(-25).
-58
Let w(